9?
4
What is the hundreds digit of 129?
1
What is the thousands digit of 5443?
5
What is the tens digit of 3219?
1
What is the units digit of 4561?
1
What is the thousands digit of 73719?
3
What is the tens digit of 904?
0
What is the units digit of 57493?
3
What is the units digit of 2409?
9
What is the thousands digit of 20635?
0
What is the tens digit of 616?
1
What is the hundreds digit of 890?
8
What is the thousands digit of 8577?
8
What is the tens digit of 3888?
8
What is the hundreds digit of 12556?
5
What is the tens digit of 1104?
0
What is the units digit of 38998?
8
What is the thousands digit of 20479?
0
What is the units digit of 989?
9
What is the tens digit of 12379?
7
What is the tens digit of 973?
7
What is the hundreds digit of 14283?
2
What is the units digit of 1247?
7
What is the hundreds digit of 6986?
9
What is the thousands digit of 7434?
7
What is the hundreds digit of 701?
7
What is the thousands digit of 12904?
2
What is the hundreds digit of 1891?
8
What is the units digit of 2200?
0
What is the hundreds digit of 820?
8
What is the tens digit of 79817?
1
What is the units digit of 3147?
7
What is the thousands digit of 32982?
2
What is the thousands digit of 64328?
4
What is the tens digit of 106613?
1
What is the units digit of 822?
2
What is the hundreds digit of 15949?
9
What is the hundreds digit of 3460?
4
What is the thousands digit of 23213?
3
What is the units digit of 753?
3
What is the tens digit of 1397?
9
What is the units digit of 3918?
8
What is the thousands digit of 5268?
5
What is the hundreds digit of 5688?
6
What is the hundreds digit of 44780?
7
What is the tens digit of 918?
1
What is the hundreds digit of 140?
1
What is the thousands digit of 7670?
7
What is the ten thousands digit of 10128?
1
What is the thousands digit of 1469?
1
What is the tens digit of 802?
0
What is the hundreds digit of 37901?
9
What is the units digit of 672?
2
What is the thousands digit of 1960?
1
What is the units digit of 2660?
0
What is the units digit of 148534?
4
What is the hundreds digit of 8565?
5
What is the thousands digit of 5023?
5
What is the tens digit of 1743?
4
What is the tens digit of 84?
8
What is the tens digit of 16147?
4
What is the tens digit of 601?
0
What is the tens digit of 3357?
5
What is the hundreds digit of 19135?
1
What is the hundreds digit of 958?
9
What is the units digit of 798?
8
What is the hundreds digit of 46327?
3
What is the tens digit of 1466?
6
What is the tens digit of 5915?
1
What is the hundreds digit of 733?
7
What is the ten thousands digit of 14460?
1
What is the hundreds digit of 8825?
8
What is the thousands digit of 3141?
3
What is the units digit of 7865?
5
What is the tens digit of 16741?
4
What is the tens digit of 1307?
0
What is the units digit of 46172?
2
What is the units digit of 5972?
2
What is the tens digit of 9137?
3
What is the units digit of 8733?
3
What is the tens digit of 50532?
3
What is the units digit of 706?
6
What is the tens digit of 46724?
2
What is the hundreds digit of 41451?
4
What is the tens digit of 683?
8
What is the units digit of 4166?
6
What is the units digit of 115390?
0
What is the units digit of 2771?
1
What is the units digit of 4376?
6
What is the thousands digit of 8446?
8
What is the units digit of 40825?
5
What is the hundreds digit of 1029?
0
What is the units digit of 148952?
2
What is the hundreds digit of 21448?
4
What is the tens digit of 2342?
4
What is the hundreds digit of 196?
1
What is the hundreds digit of 5986?
9
What is the ten thousands digit of 52659?
5
What is the hundreds digit of 61487?
4
What is the units digit of 11690?
0
What is the units digit of 39911?
1
What is the tens digit of 40438?
3
What is the tens digit of 101?
0
What is the units digit of 80566?
6
What is the units digit of 7442?
2
What is the thousands digit of 2259?
2
What is the units digit of 1986?
6
What is the tens digit of 5112?
1
What is the thousands digit of 16181?
6
What is the units digit of 9963?
3
What is the hundreds digit of 121861?
8
What is the tens digit of 6706?
0
What is the tens digit of 1137?
3
What is the thousands digit of 10738?
0
What is the hundreds digit of 127?
1
What is the units digit of 1199?
9
What is the thousands digit of 8621?
8
What is the hundreds digit of 2297?
2
What is the thousands digit of 11287?
1
What is the hundreds digit of 7679?
6
What is the thousands digit of 2811?
2
What is the tens digit of 2627?
2
What is the hundreds digit of 5470?
4
What is the tens digit of 131958?
5
What is the hundreds digit of 966?
9
What is the units digit of 830?
0
What is the thousands digit of 2612?
2
What is the units digit of 26112?
2
What is the hundreds digit of 2881?
8
What is the ten thousands digit of 55690?
5
What is the thousands digit of 37576?
7
What is the tens digit of 640?
4
What is the hundreds digit of 1030?
0
What is the thousands digit of 40610?
0
What is the tens digit of 38434?
3
What is the ten thousands digit of 14204?
1
What is the hundreds digit of 833?
8
What is the units digit of 1193?
3
What is the tens digit of 6776?
7
What is the thousands digit of 4022?
4
What is the tens digit of 541?
4
What is the thousands digit of 10875?
0
What is the units digit of 435?
5
What is the ten thousands digit of 130116?
3
What is the hundreds digit of 5153?
1
What is the units digit of 1667?
7
What is the hundreds digit of 1621?
6
What is the units digit of 1097?
7
What is the units digit of 5387?
7
What is the thousands digit of 2151?
2
What is the tens digit of 11341?
4
What is the tens digit of 6382?
8
What is the tens digit of 41989?
8
What is the tens digit of 24056?
5
What is the tens digit of 885?
8
What is the tens digit of 6488?
8
What is the hundreds digit of 142630?
6
What is the hundreds digit of 9646?
6
What is the hundreds digit of 2736?
7
What is the units digit of 21305?
5
What is the tens digit of 582?
8
What is the thousands digit of 3057?
3
What is the units digit of 1373?
3
What is the tens digit of 1339?
3
What is the units digit of 509?
9
What is the thousands digit of 56157?
6
What is the hundreds digit of 2238?
2
What is the hundreds digit of 373?
3
What is the units digit of 2995?
5
What is the hundreds digit of 219?
2
What is the hundreds digit of 39646?
6
What is the hundreds digit of 12533?
5
What is the hundreds digit of 1840?
8
What is the units digit of 8313?
3
What is the units digit of 4707?
7
What is the units digit of 22058?
8
What is the units digit of 2?
2
What is the units digit of 4996?
6
What is the units digit of 3396?
6
What is the hundreds digit of 2701?
7
What is the units digit of 1743?
3
What is the hundreds digit of 293?
2
What is the tens digit of 1643?
4
What is the units digit of 403?
3
What is the units digit of 1493?
3
What is the tens digit of 3063?
6
What is the tens digit of 394?
9
What is the units digit of 3?
3
What is the hundreds digit of 94933?
9
What is the hundreds digit of 13089?
0
What is the units digit of 142472?
2
What is the hundreds digit of 2019?
0
What is the hundreds digit of 2131?
1
What is the units digit of 3292?
2
What is the hundreds digit of 21024?
0
What is the units digit of 7134?
4
What is the hundreds digit of 1245?
2
What is the tens digit of 54?
5
What is the thousands digit of 31593?
1
What is the tens digit of 16340?
4
What is the tens digit of 8966?
6
What is the ten thousands digit of 32750?
3
What is the units digit of 22711?
1
What is the ten thousands digit of 12058?
1
What is the units digit of 2849?
9
What is the tens digit of 35054?
5
What is the hundreds digit of 775?
7
What is the units digit of 24215?
5
What is the tens digit of 3278?
7
What is the units digit of 3172?
2
What is the tens digit of 16496?
9
What is the thousands digit of 61522?
1
What is the hundreds digit of 880?
8
What is the tens digit of 30210?
1
What is the tens digit of 44077?
7
What is the tens digit of 1256?
5
What is the tens digit of 766?
6
What is the units digit of 20231?
1
What is the thousands digit of 5903?
5
What is the units digit of 1052?
2
What is the tens digit of 12152?
5
What is the hundreds digit of 50602?
6
What is the tens digit of 7857?
5
What is the thousands digit of 19016?
9
What is the ten thousands digit